{"id":201,"date":"2024-07-24T10:09:10","date_gmt":"2024-07-24T08:09:10","guid":{"rendered":"https:\/\/gipt-europe.de\/?page_id=201"},"modified":"2024-08-10T10:38:44","modified_gmt":"2024-08-10T08:38:44","slug":"impressum","status":"publish","type":"page","link":"https:\/\/gipt-europe.de\/index.php\/impressum\/","title":{"rendered":"Impressum"},"content":{"rendered":"\t\t<div data-elementor-type=\"wp-page\" data-elementor-id=\"201\" class=\"elementor elementor-201\" data-elementor-post-type=\"page\">\n\t\t\t\t<div class=\"elementor-element elementor-element-ad82078 e-flex e-con-boxed e-con e-parent\" data-id=\"ad82078\" data-element_type=\"container\" data-e-type=\"container\" data-settings=\"{&quot;background_background&quot;:&quot;gradient&quot;}\">\n\t\t\t\t\t<div class=\"e-con-inner\">\n\t\t<div class=\"elementor-element elementor-element-2013978 e-con-full e-flex e-con e-child\" data-id=\"2013978\" data-element_type=\"container\" data-e-type=\"container\">\n\t\t\t\t<div class=\"elementor-element elementor-element-6b1f13d elementor-widget elementor-widget-heading\" data-id=\"6b1f13d\" data-element_type=\"widget\" data-e-type=\"widget\" data-widget_type=\"heading.default\">\n\t\t\t\t<div class=\"elementor-widget-container\">\n\t\t\t\t\t<h1 class=\"elementor-heading-title elementor-size-default\">Impressum<\/h1>\t\t\t\t<\/div>\n\t\t\t\t<\/div>\n\t\t\t\t<div class=\"elementor-element elementor-element-9e0a778 elementor-widget elementor-widget-text-editor\" data-id=\"9e0a778\" data-element_type=\"widget\" data-e-type=\"widget\" data-widget_type=\"text-editor.default\">\n\t\t\t\t<div class=\"elementor-widget-container\">\n\t\t\t\t\t\t\t\t\t<p><span style=\"color: #ffffff;\">Group Intellect Power Technology <br \/>Europe GmbH<\/span><\/p><p><span style=\"color: #ffffff;\"><b>Adresse<\/b><\/span><br \/><span style=\"color: #ffffff;\">Hafenweg 22<\/span><br \/><span style=\"color: #ffffff;\">48155 M\u00fcnster, Germany<\/span><br \/><span style=\"color: #ffffff;\">Tel: (49) 251 60 92 26 8-0<\/span><br \/><span style=\"color: #ffffff;\">Fax: (49) 251 60 92 26 8-9<\/span><br \/><span style=\"color: #ffffff;\">info@gipt-europe.com<\/span><\/p>\t\t\t\t\t\t\t\t<\/div>\n\t\t\t\t<\/div>\n\t\t\t\t<div class=\"elementor-element elementor-element-5a016ef elementor-widget elementor-widget-text-editor\" data-id=\"5a016ef\" data-element_type=\"widget\" data-e-type=\"widget\" data-widget_type=\"text-editor.default\">\n\t\t\t\t<div class=\"elementor-widget-container\">\n\t\t\t\t\t\t\t\t\t<div class=\"vc_col-sm-9 wpb_column column_container vc_column_container col child_column no-extra-padding inherit_tablet inherit_phone \" data-padding-pos=\"all\" data-has-bg-color=\"false\" data-bg-color=\"\" data-bg-opacity=\"1\" data-animation=\"\" data-delay=\"0\"><div class=\"vc_column-inner\"><div class=\"wpb_wrapper\"><div class=\"wpb_text_column wpb_content_element wpb_animate_when_almost_visible wpb_fadeIn fadeIn animated wpb_start_animation\"><div class=\"wpb_wrapper\"><h6><span style=\"color: #ffffff;\">Made with <span style=\"color: #ff0000;\">\u2665<\/span> by <span style=\"text-decoration: underline;\"><a style=\"color: #ffffff; text-decoration: underline;\" href=\"http:\/\/nolte-hammer.de\">nolte\/hammer agentur f\u00fcr kommunikation und design<\/a><\/span><\/span><\/h6><\/div><\/div><\/div><\/div><\/div><div class=\"vc_col-sm-3 wpb_column column_container vc_column_container col child_column no-extra-padding inherit_tablet inherit_phone \" data-padding-pos=\"all\" data-has-bg-color=\"false\" data-bg-color=\"\" data-bg-opacity=\"1\" data-animation=\"\" data-delay=\"0\"><div class=\"vc_column-inner\"><div class=\"wpb_wrapper\"><div class=\"img-with-aniamtion-wrap right custom-width-80px custom-width-tablet-75px custom-width-phone-75px \" data-max-width=\"custom\" data-max-width-mobile=\"default\" data-shadow=\"none\" data-animation=\"fade-in\"><div class=\"inner\"><div class=\"hover-wrap\">\u00a0<\/div><\/div><\/div><\/div><\/div><\/div>\t\t\t\t\t\t\t\t<\/div>\n\t\t\t\t<\/div>\n\t\t\t\t<\/div>\n\t\t<div class=\"elementor-element elementor-element-f411707 e-con-full e-flex e-con e-child\" data-id=\"f411707\" data-element_type=\"container\" data-e-type=\"container\">\n\t\t<div class=\"elementor-element elementor-element-f70d44d e-con-full e-flex e-con e-child\" data-id=\"f70d44d\" data-element_type=\"container\" data-e-type=\"container\" data-settings=\"{&quot;background_background&quot;:&quot;classic&quot;}\">\n\t\t\t\t<div class=\"elementor-element elementor-element-e6bd490 elementor-widget elementor-widget-text-editor\" data-id=\"e6bd490\" data-element_type=\"widget\" data-e-type=\"widget\" data-widget_type=\"text-editor.default\">\n\t\t\t\t<div class=\"elementor-widget-container\">\n\t\t\t\t\t\t\t\t\t<p><strong><span style=\"color: #ffffff;\">Gesch\u00e4ftsf\u00fchrer<\/span><\/strong><br \/><span style=\"color: #ffffff;\">Martin L\u00fctke Notarp<\/span><\/p><p><b><span style=\"color: #ffffff;\">Handelsregister-Nr.<\/span><br \/><\/b><span style=\"color: #ffffff;\">HRB 17480<\/span><\/p><p><span style=\"color: #ffffff;\"><b>Registergericht<\/b>:<\/span><br \/><span style=\"color: #ffffff;\">M\u00fcnster<\/span><\/p><p><b><span style=\"color: #ffffff;\">Ust-IdNr.<\/span><br \/><\/b><span style=\"color: #ffffff;\">DE320175854<\/span><\/p><p><span style=\"color: #ffffff; font-family: var( --e-global-typography-text-font-family ), Sans-serif; font-weight: var( --e-global-typography-text-font-weight ); text-align: var(--text-align); background-color: transparent; font-size: 1rem;\">\u00a9\u00a0<\/span><span style=\"color: #ffffff;\">copyright 2024\u00a0<\/span><\/p>\t\t\t\t\t\t\t\t<\/div>\n\t\t\t\t<\/div>\n\t\t\t\t<\/div>\n\t\t\t\t<\/div>\n\t\t\t\t\t<\/div>\n\t\t\t\t<\/div>\n\t\t<div class=\"elementor-element elementor-element-bc93b12 e-flex e-con-boxed e-con e-parent\" data-id=\"bc93b12\" data-element_type=\"container\" data-e-type=\"container\">\n\t\t\t\t\t<div class=\"e-con-inner\">\n\t\t\t\t\t<\/div>\n\t\t\t\t<\/div>\n\t\t\t\t<\/div>\n\t\t","protected":false},"excerpt":{"rendered":"<p>Impressum Group Intellect Power Technology Europe GmbH AdresseHafenweg 2248155 M\u00fcnster, GermanyTel: (49) 251 60 92 26 8-0Fax: (49) 251 60 92 26 8-9info@gipt-europe.com Made with \u2665 by nolte\/hammer agentur f\u00fcr kommunikation und design \u00a0 Gesch\u00e4ftsf\u00fchrerMartin L\u00fctke Notarp Handelsregister-Nr.HRB 17480 Registergericht:M\u00fcnster Ust-IdNr.DE320175854 \u00a9\u00a0copyright 2024\u00a0<\/p>\n","protected":false},"author":1,"featured_media":0,"parent":0,"menu_order":0,"comment_status":"closed","ping_status":"closed","template":"","meta":{"footnotes":""},"class_list":["post-201","page","type-page","status-publish","hentry"],"_links":{"self":[{"href":"https:\/\/gipt-europe.de\/index.php\/wp-json\/wp\/v2\/pages\/201","targetHints":{"allow":["GET"]}}],"collection":[{"href":"https:\/\/gipt-europe.de\/index.php\/wp-json\/wp\/v2\/pages"}],"about":[{"href":"https:\/\/gipt-europe.de\/index.php\/wp-json\/wp\/v2\/types\/page"}],"author":[{"embeddable":true,"href":"https:\/\/gipt-europe.de\/index.php\/wp-json\/wp\/v2\/users\/1"}],"replies":[{"embeddable":true,"href":"https:\/\/gipt-europe.de\/index.php\/wp-json\/wp\/v2\/comments?post=201"}],"version-history":[{"count":14,"href":"https:\/\/gipt-europe.de\/index.php\/wp-json\/wp\/v2\/pages\/201\/revisions"}],"predecessor-version":[{"id":709,"href":"https:\/\/gipt-europe.de\/index.php\/wp-json\/wp\/v2\/pages\/201\/revisions\/709"}],"wp:attachment":[{"href":"https:\/\/gipt-europe.de\/index.php\/wp-json\/wp\/v2\/media?parent=201"}],"curies":[{"name":"wp","href":"https:\/\/api.w.org\/{rel}","templated":true}]}}